e highest common factor of s and 11.
11
Let y(t) = t + 0*t**2 + 7*t - t**2 - 1. Let k be y(7). Suppose 234 = 3*n - 2*j - k, 3*n = -5*j + 240. Calculate the highest common factor of n and 10.
10
Let o(f) = f**3 + 8*f**2 - 2*f - 2. Let c be o(-4). What is the highest common divisor of c and 14?
14
Let b(r) = -20*r + 1. Let x be b(-4). Let i = x - 58. Calculate the greatest common divisor of i and 184.
23
Let f(o) = -o - 1. Let i be f(-3). Suppose 5*h - 45 = -2*x, -i*h - 15 = -2*x - h. Let w = 5 - -35. Calculate the greatest common divisor of w and x.
10
Suppose -9 = 3*l - 3, -5*l = -y + 15. What is the highest common factor of y and 45?
5
Suppose 3*f = 22 - 4. Let x(c) = -23*c + 2. Let r = -3 + 1. Let u be x(r). Calculate the highest common factor of u and f.
6
Let y = 10 + -7. Let t(z) = z**2 + 4*z - 7. Let i be t(-6). Suppose 0*r - r = i*l - 30, -5*l + 90 = 5*r. Calculate the greatest common factor of y and r.
3
Let w(r) = -12*r - 4. Let x be w(-3). Suppose f + 3 = -0*f. Let k be (2/5)/(f/(-30)). Calculate the greatest common divisor of k and x.
4
Suppose -3*g - 22 = -y - 7*g, -5 = -5*y + g. Suppose -y*t + t = -54. Calculate the highest common divisor of t and 9.
9
Suppose 0 = -3*y + 15, -5*q + 3*y + 5 = -0*y. Suppose 2*l = -q*t - 94, -2*l + t = -t + 124. Let g = 15 - l. Calculate the greatest common divisor of 8 and g.
8
Suppose 2*v + 3 = -2*q + 9, -v + 7 = 5*q. Suppose v*y - 8 = 28. Calculate the greatest common factor of 6 and y.
6
Suppose 4*d - 1182 = 2*w, -2*w - w = -3. Let o be d/10 + 2/5. What is the greatest common divisor of o and 20?
10
Let v be ((-3)/(-9))/(3/(-18)). Let j be 60/6 - (-1 + v). Calculate the greatest common factor of j and 117.
13
Suppose 4*z - 16 = -0*z, -z = 5*f - 44. Calculate the highest common factor of f and 72.
8
Let m be 6 - (0 - -2)/1. Let q(n) = -2*n**2 + m*n - 2*n**3 + 3*n**2 - 2*n - 4. Let b be q(-4). What is the highest common factor of 12 and b?
12
Suppose 2*b + 4*c - 308 = 0, b + 4*c = 63 + 91. Calculate the greatest common factor of b and 14.
14
Let s = -85 + 117. Calculate the highest common divisor of 2 and s.
2
Let d = 20 + -12. Let f be (-21)/14 - 17/(-2). Suppose 80 = -2*z + f*z. Calculate the highest common divisor of d and z.
8
Let m be (-2)/(-3)*21*1. Let q be (-1)/(-12)*4*6. What is the highest common divisor of m and q?
2
Let x(k) = -110*k - 2. Let v be x(-1). What is the greatest common divisor of v and 12?
12
Suppose -v - v + 62 = -4*m, 3*v - 75 = -3*m. What is the highest common divisor of 54 and v?
27
Let z be (-26 + (-4)/(-2))*-2. Let l(d) = 2*d**3 + 12*d**2 + 10*d + 6. Let t be l(-5). What is the greatest common divisor of t and z?
6
Let f be 5*((-144)/10)/(-6). Suppose 3*o + 18 = o. Let l = 27 + o. Calculate the highest common divisor of l and f.
6
Suppose 1 = 3*n - 2*n. Let k be 9 - (2 + (n - 3)). Let f be 4 + 6/2 - 4. What is the highest common divisor of k and f?
3
Suppose -5*f + 3*r = -0*r - 11, -3*r - 9 = -3*f. Let d be ((-24)/10)/(f/(-5)). What is the greatest common divisor of d and 60?
12
Let g(q) = q**3 - q**2 + 5*q + 14. Let y be g(6). Calculate the highest common divisor of 28 and y.
28
Let o be ((-2)/(-6))/((-2)/(-30)). Let c be ((-2 - -16) + 0)/(-1). Let i = -9 - c. What is the highest common factor of o and i?
5
Let d be 36/(-30)*5/(-2). Suppose 11 - 29 = -d*s. What is the highest common divisor of 66 and s?
6
Suppose 3*j - 211 = 323. Let c = 7 + -7. Suppose c = 4*v - 102 - j. What is the greatest common factor of v and 10?
10
Let c(r) = 29*r**2 + 3*r - 1. Let z be (6/21)/((-1)/(-7)). Let w be c(z). Let d(i) = i + 7. Let f be d(4). What is the highest common factor of f and w?
11
Let o = 10 - 7. Let h = 3 - 1. Let x = o + h. Calculate the highest common factor of 20 and x.
5
Let c be -4*6/(6/(-2)). Let n be 10/4*(-2 + c). What is the highest common factor of n and 5?
5
Let j be (-5)/(-30) + 23/6. Suppose 5*p - 5*b + j*b - 75 = 0, 0 = -2*b. Calculate the greatest common factor of p and 5.
5
Suppose -2*f + 90 = -5*q, 4*q - 2*f + 60 + 14 = 0. Let i = 2 - q. Calculate the highest common divisor of i and 126.
18
Suppose -y + 3*o = -o - 44, -3*y + 106 = o. Let k be (18 + (1 - 2))*4. Let q = k + -44. What is the highest common factor of y and q?
12
Let i be 3 + ((-3)/6)/(-1)*0. Calculate the greatest common factor of 3 and i.
3
Suppose 0 = -4*n + 6*n. Suppose n = z - 40 - 41. Let b = z + -45. What is the highest common factor of 18 and b?
18
Suppose -3*v = -17 - 4. Let q = 8 - v. What is the highest common factor of q and 8?
1
Suppose 60 = -0*m + 3*m. What is the greatest common factor of 10 and m?
10
Let v = -11 + 22. Let r be (-1 - 0)*v*-12. What is the greatest common divisor of r and 12?
12
Suppose -4*p + 16 = 4*h, p - 15 = 4*h - 6. Suppose p*t = -5*v + 7 + 3, -5*v = 3*t - 20. What is the highest common factor of 35 and v?
7
Let d = -22 + 43. Let m(x) = 64*x**2 + 3*x + 2. Let w be m(-1). Calculate the highest common factor of w and d.
21
Let j be ((2 - -2) + -1)*-1. Let b be (j - -2)*(1 - 61). Calculate the highest common divisor of b and 40.
20
Suppose -j + 51 = -15. Calculate the greatest common divisor of 99 and j.
33
Suppose 5*l - 5*t = 740, -362 = -4*l - 2*t + 242. Calculate the greatest common divisor of l and 15.
15
Suppose 5 + 11 = -4*j. Let d = j - -5. What is the greatest common factor of 7 and d?
1
Let l = 52 - -508. Suppose o = -4*o + l. What is the greatest common divisor of 16 and o?
16
Let m(q) = -9*q - 45. Let p be m(-19). What is the greatest common divisor of p and 42?
42
Let r be (48/(-15))/(1/(-5)). What is the highest common factor of r and 2?
2
Let p be (57/9)/((-3)/(-9)). Suppose -4*c = 5*q - 342 - 406, -c - 3 = 0. What is the highest common factor of p and q?
19
Let a(g) = g**2 + 4*g + 16. Let j be a(-12). Let o be (0 - -2)*(-7)/(-2). Suppose 4*b - 71 = -o. What is the greatest common factor of j and b?
16
Suppose -2*k - 120 = -7*k. Calculate the highest common divisor of k and 36.
12
Let i be (-380)/(-6) + 2/(-6). Let o be 18/(-4) + 2/(-4). Let z(a) = a**2 + 5*a + 7. Let q be z(o). Calculate the greatest common factor of q and i.
7
Let m = 117 + -67. Let x = 86 + m. What is the highest common divisor of 17 and x?
17
Let f be (-16)/(-1)*(2 + -1). Calculate the greatest common divisor of 40 and f.
8
Let j(p) = -p**3 + 1. Let n be j(-2). Suppose s = 59 - 23. Calculate the greatest common divisor of s and n.
9
Let a(c) = -c**3 + 5*c - 5 + 3 + 6 + 3 + 4*c**2. Let s be a(5). Calculate the greatest common divisor of 63 and s.
7
Suppose -4*m = m - 50. Calculate the highest common divisor of m and 40.
10
Suppose -5*z = -2*n - 4, 3*n = -3*z - z + 40. Let k be (-6)/24 - (-114)/n. What is the greatest common factor of 42 and k?
14
Suppose -218 = -5*n - 0*n + 3*k, 91 = 2*n - 5*k. Suppose 3*v - 2 - n = 0. Calculate the greatest common factor of 3 and v.
3
Let u(l) = l**2 + l + 30. Let b be 1/(-5) + 4/20. Let m be u(b). Let i be (1/(-2))/((-1)/12). Calculate the greatest common divisor of i and m.
6
Let n(u) = u. Let h be n(-6). Let v(x) = -x**3 + 4*x**2 + 5*x - 5. Let c be v(4). Let o = c + h. What is the highest common factor of o and 9?
9
Let a(y) = -3*y + 2. Let q(o) = 4*o - 1. Let u(w) = 3*a(w) + 2*q(w). Let k be u(0). Calculate the greatest common divisor of 12 and k.
4
Let w = -18 - -41. Calculate the greatest common factor of w and 161.
23
Let a = -24 - -33. Calculate the highest common divisor of 81 and a.
9
Let t = 121 - 65. Suppose 0 = -b + 3*k + 5, -43 + 0 = -2*b - 5*k. What is the highest common factor of b and t?
14
Suppose 5*u - 23 = -4*s, -s + 5*s + 4 = 4*u. Suppose 3*w = -4*y + 139, -6*w + 3*w = -u*y - 132. Calculate the greatest common factor of w and 9.
9
Let d be 11*(3 - 1) + 4 + -4. Calculate the greatest common divisor of d and 2.
2
Let k = -30 + 30. Suppose k*m = 2*m - 20. What is the greatest common divisor of 5 and m?
5
Let h(z) = -z**3 + 13*z**2 - 8*z + 8. Let q be h(12). Suppose q = a - 35. Calculate the greatest common factor of a and 13.
13
Let a(k) = -3*k**2 + 2*k - 1. Let d be a(2). Let m be (-5)/(-1)*6*2/(-10). Let i = m - d. What is the greatest common factor of i and 18?
3
Suppose 5*w + 19 = 44. Suppose -10 = -w*n + 10. Calculate the highest common divisor of 2 and n.
2
Suppose -q + 1 = -13. Calculate the highest common diviso